culate q(-1).
-4
Let m(n) = -n. Let w be m(-2). Let r(h) = w - 3 + 0 + h. Let c be (-6)/(-15) - (-4)/(-10). What is r(c)?
-1
Let q be 2 - (2 + 1) - -1. Suppose -2*s + 3*b + 1 = -q*b, 3*b + 17 = -2*s. Let g(v) = v**3 + 4*v**2 - 3*v - 5. Determine g(s).
7
Let b(y) = 5*y**3 - 2*y - 1. Let q be b(-1). Let s be q/(2 + (-16)/6). Let k be 1/s + (-92)/(-24). Let w(h) = h. What is w(k)?
4
Let z(j) be the first derivative of 4*j**3/3 - 3*j**2/2 - 44. Calculate z(2).
10
Let c(l) = -l - 1. Suppose 4*g + 18 = -2*v, -7 = -3*g - g + 3*v. Let o be (-9)/(-3) + 12/g. Calculate c(o).
2
Let g(w) = -2*w**2 - 15*w + 12. Let p(k) = 3*k**2 + 23*k - 18. Let d(r) = 8*g(r) + 5*p(r). Let c(y) = -y**2 + 7*y + 3. Let z be c(8). Calculate d(z).
6
Let g be -2*(-6)/(-8)*2. Let p(o) be the first derivative of -o**3/3 - 3*o**2/2 - 3*o + 6. Calculate p(g).
-3
Let c = -8 - -11. Let a(z) = -4*z - 3. Let i(r) = -r**2 - r - 2. Let m(y) = a(y) - i(y). Give m(c).
-1
Suppose -2*f - 37 = -5*t - 6, 4*f = -4*t + 8. Let n(y) = -y**3 + 3*y**2 - 3*y + 3. Let a be n(2). Let h(k) = -3*k - a - 3*k - 3 + 5*k. Calculate h(f).
-1
Let b(w) = w - 6. Let v be b(9). Let j be ((1 + v)/1)/(-1). Let x(u) be the second derivative of -u**4/12 - 5*u**3/6 - 2*u. Give x(j).
4
Let p(o) = -o**2 + 5*o - 6. Let m be p(6). Let n(z) = z**2 + 11*z - 10. Let d be n(m). Let g(h) = h**2 - h - 1. Give g(d).
1
Let g(v) = v - 1. Let j(n) = n + 1. Let x be (-1)/3 - 4/6. Let o(i) = 6*i. Let u(k) = x*o(k) + 5*j(k). Let h(w) = 2*g(w) + u(w). What is h(-5)?
-2
Let m(t) = t**3 - t**2 - t - 1. Let w be ((-3)/(-2))/((-18)/(-24)) - 2. What is m(w)?
-1
Suppose 11*c = 15*c - 8. Suppose c*x + 20 = -3*x. Let j(s) = s**2 + 3*s - 3. Give j(x).
1
Let s(t) = -3*t - 6. Let f(c) = 9*c + 49. Let p be f(-6). Determine s(p).
9
Let c(p) = p**2 - 3*p - 7. Let u = 11 + 2. Let l be 10/(6/(-3)) - 3. Let s = l + u. Give c(s).
3
Let s(j) = j + 3. Suppose -2 = -4*c + 10. Determine s(c).
6
Let p be (2*-2)/(-4) - 2. Let m = 2 + p. Let n(o) = -13*o**2. What is n(m)?
-13
Let g(l) = 3*l**2 + l. Let i be (3 - -1)/8*-2. Give g(i).
2
Let x(f) be the second derivative of -f**7/840 - f**6/120 - f**5/24 - f**4/8 - 5*f**3/6 - 6*f. Let v(d) be the second derivative of x(d). Determine v(-3).
12
Let c be (1 - -8)*2/9. Let w be 7 + -10 + (-2)/c. Let m(t) = 2*t + 6. Calculate m(w).
-2
Let u(j) = 14 + 16 - 22 - 6*j**2 + 3*j - j**3. Let t = -17 - -11. Determine u(t).
-10
Let y(o) = 9*o**3 - o**2 + 11*o + 11. Let s(d) = 5*d**3 - d**2 + 6*d + 6. Let z(n) = 7*s(n) - 4*y(n). Calculate z(-3).
4
Let o(c) be the third derivative of c**5/30 - c**4/4 + 17*c**2. What is o(4)?
8
Let p(y) be the second derivative of -y**4/12 + 3*y**2/2 - 5*y. Suppose -2*x - x = 0. Determine p(x).
3
Let y(b) = b**2 + b. Let a(f) = 5*f**2 + 11*f. Let h(k) = a(k) - 6*y(k). Let i(q) = 2*q - 2. Let n be i(2). Let r be 0 + (n - -5) + -2. Calculate h(r).
0
Suppose 0 = 2*r - 4, 2*r = k + 5. Let w = k - -1. Let v(d) = -d - 10. Calculate v(w).
-10
Let z be 1 + 1 - (-3 - -2). Let w(f) = 4*f - 2 + 0*f - z*f - 5. Determine w(0).
-7
Let d be (1 + 2 + 1)*1. Let q = 2 - d. Let p(j) = 3*j + 2. Calculate p(q).
-4
Suppose -2*h + 2 = -h. Let a(m) = -5*m + 0*m**2 - 4 - m**h + 5. Let f(o) = -6*o + 27. Let j be f(5). Determine a(j).
7
Let h = 9 + -4. Suppose g - h = -3. Let z be 3/(g/(-2 + -2)). Let n(q) = -q**2 - 8*q - 4. Calculate n(z).
8
Let k = -20 - -24. Let w(o) = -o**2 + o - 5. Determine w(k).
-17
Let v be 2 + (-464)/(-144) + 4/(-18). Let q(z) = z**2 - 5*z + 3. Determine q(v).
3
Let o(n) = -3*n**2 + n + 8*n**2 - 5*n - n**3. Suppose -15 - 1 = -4*q. What is o(q)?
0
Let i(h) be the second derivative of 2*h**3/3 - h**2 + h. Let a(b) = 2*b - 6. Let c be a(6). Suppose x = -2*x + c. Determine i(x).
6
Let d(i) = -i**2 - 5*i + 3. Let r = 26 + -6. Let t = 14 - r. Determine d(t).
-3
Let t(a) = -a**3 + 4*a**2 + 5*a. Let w(y) = -y + 5. Let u be w(0). Let f(m) = m**2 + m. Let q(g) = u*f(g) - t(g). Determine q(-1).
0
Suppose -r = -8*r + r. Let u(t) = t**2 + t + 5. Determine u(r).
5
Let p(f) = -f**2 + 2*f + 1. Let s = 3 + 1. Suppose -3*o + 12 = 0, -a + 2*o = 3*a - s. What is p(a)?
-2
Let r(a) = -9*a - 1. Let d be (3/(-1))/(3/(-4)). Let z(i) = -i**3 + 4*i**2 - 4*i + 1. Let w be z(3). Let u be w/d*(-1 - -3). What is r(u)?
8
Let r(p) = 2*p - 4. Let c be r(4). Let v(m) be the first derivative of m**4/4 - 4*m**3/3 - m**2 + 2*m + 2. Calculate v(c).
-6
Let i(l) = 7*l + 5. Let x(q) = -2*q + 11 + 13*q + 4*q. Let t(o) = 9*i(o) - 4*x(o). Give t(1).
4
Let z = 14 + -11. Let c(d) = -d**3 + 4*d**2 + d - 2. What is c(z)?
10
Let u(t) = t**2 + 5 + 6*t + 3*t + t - 5*t. Let d be u(-4). Let a be (-6)/(d + -4) - 2. Let o(k) = k**3 - k**2 - k + 11. What is o(a)?
11
Suppose 2*o - 3*o = -2*i + 3, i - o = 1. Suppose 1 + 31 = 4*u + 2*v, -3*v = 2*u - 24. Let y(m) = 1 - 3*m - m**3 + 4*m**i - u + 1. Calculate y(3).
-4
Let a(s) be the first derivative of -s**4/4 + 3*s**2/2 + 3*s - 2. Let p be 120/21 + (-2)/(-7). Suppose -5*n - 4 = p. Give a(n).
5
Let l = -48 + 53. Let s(q) = -q**2 - 4*q. Let o(z) = -2*z**2 - 4*z - 1. Let u(h) = -2*o(h) + 3*s(h). Give u(l).
7
Let m(n) be the first derivative of -2*n**2 - n - 4. Give m(-1).
3
Let l be -3*((-2)/(-6))/1. Let s(u) = -4*u**2 + u - 5. Let p(g) = -4*g**2 + g - 4. Let z be (-6)/2 - 14/7. Let b(a) = z*p(a) + 4*s(a). Determine b(l).
5
Let i(u) = u - 1. Let b(r) = 2*r + 9. Let j(z) = -b(z) - 2*i(z). Let c(y) = 2 + 5 + 5*y + 1. Let m(k) = 3*c(k) + 4*j(k). Determine m(-5).
1
Let q(j) = j**3 + 5*j**2 - 4. Let w be q(-5). Let g(z) = -34*z**3 + 33*z**3 + 3*z**2 - 1 - 8*z**2 - 6*z. Calculate g(w).
7
Let m(k) be the first derivative of k**4/4 + k**3/3 - 2*k**2 - 2*k + 2. Let u be (0 + 0)*(-4 + 5). Let v = u + -3. Calculate m(v).
-8
Suppose 5*j + 4 = -4*v - 2, v - 2*j = 5. Let z be 2/(1/(-4)*-2). Let y(p) = 4*p - z*p - 4*p. Give y(v).
-4
Let w(c) = -c**3 + 6*c**2 + c - 6. Let o(d) = -d**2 - 9*d - 14. Let h be o(-5). Give w(h).
0
Let x(v) = v**3 - 4*v**2 + 3*v. Let g be 4*-3*1/(-4). Let p(r) = -r**2 + 9*r - 8. Let w be p(6). Suppose 2*f + g*f - w = 0. Determine x(f).
-2
Let k(s) be the first derivative of -s**6/360 + s**5/20 - s**3 + 10. Let h(r) be the third derivative of k(r). Determine h(6).
0
Let a(w) = -3*w. Let r(q) = -6*q - 9*q - 5*q + 1 + 4*q. Let l(c) = -11*a(c) + 2*r(c). Determine l(-2).
0
Let n(y) = 3*y - 12. Let g(m) = 5*m - 23. Let t(l) = 4*g(l) - 7*n(l). Give t(-7).
-1
Let h(v) = v + 3. Let w(l) = l + 2. Let s(r) = 5*h(r) - 6*w(r). Determine s(2).
1
Let m(a) = -7*a + 8. Let g(q) = 13*q - 15. Let j(o) = 6*g(o) + 11*m(o). Let k(y) = 4*y - 10. Let z(r) = 14*j(r) - 3*k(r). Calculate z(-5).
-8
Let k be 2/4 + 3/2. Suppose k*c - 33 = -c. Suppose -o + 11 = -5*m + 2*m, 4*o - c = m. Let v(u) = u**3 - 2*u. Give v(o).
4
Suppose -4*s - 3 = 9. Let z(l) = -l**3 - 5*l**2 - 3*l + 2. Determine z(s).
-7
Let v be -4*((-39)/12 + 3). Let g(b) be the second derivative of -3*b**5/20 - b**4/6 + b**2/2 - b. What is g(v)?
-4
Suppose -3*j - 4*m - 7 = 0, -5*m = j + 5 + 1. Let q(b) = 19*b**2 - b. What is q(j)?
20
Let c(y) be the second derivative of y**5/20 - 7*y**4/12 + 2*y**3/3 + 3*y**2 + 6*y. Let g be c(6). Let d(i) = i + 4. Give d(g).
-2
Let p(f) = f + 6. Let a(b) = b**2 + b + 1. Let d be a(-1). Suppose c - 3*q + 3 = -3, -q = -d. Determine p(c).
3
Let x(w) = -51*w + 27. Let t(u) = -26*u**2 + 2*u + 1. Let a be t(-1). Let b(r) = 4*r - 2. Let g(q) = a*b(q) - 2*x(q). Determine g(1).
-6
Let o(i) be the first derivative of i**2 + 8*i + 1. Give o(-7).
-6
Let n(d) = d - 15. Let z(o) = -o + 1. Let i(k) = n(k) + 6*z(k). Let b(m) = 3 + 3*m - 3*m - 3*m + 5*m. Let u(v) = -11*b(v) - 4*i(v). Determine u(6).
-9
Let n(o) = -2*o. Let d(b) = -3 + b + 3. Let h(z) = -d(z) - n(z). Give h(1).
1
Let o(x) = -2*x**3 + 2*x**2 + x. Let l be -5 + (-2)/4*2. Suppose 2*h = 3*h - 8. Let v = h + l. Calculate o(v).
-6
Let m(p) = 15*p**2 - 21*p + 5. Let d(w) be the first derivative of 7*w**3/3 - 5*w**2 + 2*w - 1. Let o = 5 + -11. Let h(y) = o*m(y) + 13*d(y). Calculate h(5).
1
Let g(x) = -x**2 - 2*x**2 - 2*x**2 + x**3 + 7 - x. Let i = 2 - -3. What is g(i)?
2
Let g(w) = 3*w**3 + w**2 + 9*w - 6. Let v(p) = 4*p**3 + p**2 + 8*p - 5. Suppose -16 + 36 = -5*j, -3*b + j = -22. Let x(d) = b*g(d) - 7*v(d). What is x(-1)?
10
Let f(b) = b**3 - 3*b**2 - 4*b - 4. Let x be ((-54)/21)/(5/3